 of 528 and 33.
33
Calculate the greatest common divisor of 2 and 3242.
2
What is the greatest common divisor of 5 and 1785?
5
Calculate the highest common divisor of 2160 and 80.
80
What is the highest common divisor of 2944 and 1024?
128
Calculate the greatest common factor of 35388 and 9.
9
Calculate the greatest common divisor of 156 and 9386.
26
Calculate the highest common divisor of 42 and 266.
14
What is the greatest common divisor of 30 and 55770?
30
What is the greatest common factor of 26 and 4498?
26
What is the greatest common factor of 1778 and 182?
14
Calculate the highest common factor of 12352 and 193.
193
What is the highest common factor of 6 and 48?
6
Calculate the highest common divisor of 5 and 635.
5
Calculate the greatest common factor of 96 and 5616.
48
What is the greatest common factor of 5751 and 142?
71
What is the greatest common divisor of 352 and 160?
32
What is the greatest common factor of 51 and 8483?
17
What is the highest common factor of 871 and 39?
13
Calculate the greatest common divisor of 33 and 22.
11
Calculate the highest common factor of 702 and 1326.
78
What is the greatest common factor of 702 and 312?
78
Calculate the greatest common divisor of 54952 and 8.
8
Calculate the greatest common divisor of 48 and 354.
6
What is the highest common factor of 18694 and 13?
13
What is the highest common factor of 40 and 10712?
8
What is the highest common factor of 72 and 28980?
36
Calculate the greatest common factor of 17208 and 9.
9
What is the highest common divisor of 12 and 54?
6
Calculate the greatest common divisor of 338 and 16.
2
Calculate the highest common divisor of 16 and 32.
16
Calculate the highest common divisor of 1414 and 28.
14
Calculate the greatest common factor of 1551 and 705.
141
Calculate the highest common factor of 15 and 425.
5
Calculate the greatest common factor of 150 and 19350.
150
Calculate the greatest common factor of 10 and 245.
5
What is the highest common divisor of 10 and 9315?
5
Calculate the highest common divisor of 40 and 152.
8
What is the highest common divisor of 40 and 128?
8
What is the highest common factor of 20 and 940?
20
What is the highest common factor of 979 and 55?
11
Calculate the greatest common factor of 36 and 576.
36
What is the highest common divisor of 4469 and 123?
41
What is the greatest common divisor of 40 and 44?
4
Calculate the greatest common divisor of 12082 and 70.
14
Calculate the greatest common divisor of 210 and 75.
15
What is the highest common factor of 70 and 2905?
35
Calculate the highest common divisor of 34 and 6426.
34
Calculate the greatest common divisor of 162 and 18.
18
Calculate the greatest common divisor of 14 and 378.
14
Calculate the greatest common divisor of 5136 and 16.
16
What is the greatest common divisor of 575 and 46?
23
Calculate the greatest common factor of 264 and 1100.
44
What is the greatest common factor of 26 and 9?
1
What is the greatest common divisor of 64 and 416?
32
What is the highest common divisor of 84 and 36?
12
Calculate the highest common factor of 18 and 312.
6
What is the highest common factor of 2880 and 45?
45
Calculate the highest common factor of 42 and 156.
6
What is the greatest common divisor of 2556 and 54?
18
What is the greatest common divisor of 256 and 16?
16
What is the highest common factor of 1544 and 8?
8
Calculate the greatest common factor of 28 and 98.
14
Calculate the greatest common factor of 3 and 6.
3
What is the highest common divisor of 54 and 27?
27
Calculate the greatest common divisor of 76 and 2945.
19
What is the greatest common divisor of 88 and 242?
22
What is the highest common divisor of 608 and 40?
8
Calculate the greatest common factor of 189 and 3045.
21
Calculate the highest common divisor of 128 and 1664.
128
What is the greatest common divisor of 6253 and 74?
37
Calculate the highest common divisor of 1180 and 177.
59
Calculate the highest common divisor of 16 and 1458.
2
Calculate the greatest common factor of 546 and 84.
42
Calculate the greatest common divisor of 894 and 18.
6
What is the highest common divisor of 2915 and 495?
55
Calculate the greatest common divisor of 2 and 182.
2
What is the greatest common divisor of 612 and 138?
6
What is the highest common factor of 75813 and 37?
37
What is the highest common divisor of 100185 and 15?
15
Calculate the greatest common factor of 60 and 4290.
30
Calculate the greatest common factor of 24058 and 23.
23
Calculate the highest common divisor of 30 and 258.
6
Calculate the greatest common factor of 60 and 885.
15
Calculate the highest common divisor of 60 and 228.
12
Calculate the highest common factor of 39 and 624.
39
What is the greatest common factor of 530 and 4346?
106
Calculate the highest common factor of 355 and 5.
5
What is the highest common divisor of 5964 and 168?
84
Calculate the greatest common divisor of 3895 and 380.
95
Calculate the highest common factor of 75 and 435.
15
What is the greatest common divisor of 104 and 728?
104
What is the greatest common factor of 15 and 5595?
15
What is the highest common factor of 27 and 675?
27
What is the greatest common divisor of 3424 and 96?
32
Calculate the highest common divisor of 15 and 3.
3
What is the greatest common factor of 506 and 184?
46
Calculate the highest common divisor of 4 and 322.
2
Calculate the greatest common divisor of 1959 and 6.
3
Calculate the highest common divisor of 115 and 5934.
23
Calculate the greatest common divisor of 126 and 42.
42
What is the greatest common factor of 4440 and 15?
15
Calculate the highest common factor of 28 and 2471.
7
Calculate the greatest common divisor of 89 and 1.
1
Calculate the highest common factor of 870 and 705.
15
What is the greatest common factor of 116081 and 103?
103
Calculate the highest common divisor of 1083 and 19.
19
Calculate the highest common divisor of 4 and 6076.
4
What is the greatest common factor of 198 and 279?
9
What is the highest common factor of 385 and 352?
11
What is the highest common divisor of 50 and 14?
2
What is the highest common divisor of 76 and 1178?
38
What is the greatest common factor of 2960 and 40?
40
What is the highest common factor of 858 and 792?
66
What is the highest common factor of 9 and 531?
9
What is the greatest common factor of 10920 and 1400?
280
What is the highest common divisor of 42 and 140?
14
Calculate the highest common divisor of 36 and 44.
4
Calculate the highest common divisor of 138 and 460.
46
What is the highest common divisor of 52 and 572?
52
Calculate the greatest common factor of 15224 and 176.
88
Calculate the greatest common divisor of 72 and 198.
18
Calculate the greatest common factor of 832 and 520.
104
What is the greatest common divisor of 945 and 35?
35
What is the greatest common factor of 18 and 186?
6
Calculate the greatest common factor of 120 and 255.
15
Calculate the highest common factor of 1834 and 126.
14
What is the highest common factor of 2968 and 224?
56
Calculate the highest common factor of 16598 and 86.
86
What is the greatest common factor of 14641 and 66?
11
Calculate the greatest common divisor of 8983 and 13.
13
Calculate the greatest common factor of 5232 and 18.
6
What is the greatest common factor of 209 and 38?
19
Calculate the greatest common divisor of 754 and 26.
26
What is the highest common factor of 11 and 1639?
11
Calculate the highest common factor of 168 and 105.
21
What is the greatest common factor of 288 and 36?
36
Calculate the highest common factor of 464 and 174.
58
What is the greatest common factor of 60 and 105?
15
Calculate the highest common factor of 39 and 9659.
13
What is the highest common factor of 779 and 19?
19
Calculate the highest common divisor of 1396 and 8.
4
Calculate the highest common divisor of 380 and 4636.
76
Calculate the greatest common divisor of 24 and 300.
12
What is the greatest common factor of 36 and 264?
12
Calculate the highest common factor of 21 and 7.
7
What is the greatest common factor of 88 and 4730?
22
What is the greatest common divisor of 10 and 270?
10
Calculate the highest common divisor of 1608 and 24.
24
Calculate the highest common factor of 237 and 632.
79
Calculate the highest common divisor of 136 and 612.
